 7 divide 163?
False
Does 20 divide 320?
True
Is 45 a factor of 6165?
True
Is 75 a factor of 410?
False
Does 3 divide 253?
False
Is 29 a factor of 612?
False
Is 2 a factor of 231?
False
Is 5 a factor of 18175?
True
Does 84 divide 12976?
False
Does 3 divide 1231?
False
Is 12120 a multiple of 40?
True
Is 10602 a multiple of 152?
False
Does 6 divide 1911?
False
Is 22 a factor of 4466?
True
Is 53 a factor of 653?
False
Does 23 divide 34937?
True
Is 1456 a multiple of 13?
True
Does 65 divide 44226?
False
Is 54 a factor of 162?
True
Is 57 a factor of 16561?
False
Does 107 divide 11781?
False
Is 56 a factor of 20524?
False
Does 18 divide 576?
True
Is 1504 a multiple of 4?
True
Does 8 divide 445?
False
Does 34 divide 84?
False
Does 18 divide 864?
True
Is 108 a factor of 1348?
False
Is 40 a factor of 169595?
False
Is 6184 a multiple of 186?
False
Does 3 divide 4382?
False
Is 3552 a multiple of 3?
True
Is 53936 a multiple of 4?
True
Is 35 a factor of 6927?
False
Does 20 divide 14437?
False
Is 3884 a multiple of 11?
False
Is 177 a factor of 2683?
False
Is 161 a multiple of 7?
True
Is 26085 a multiple of 141?
True
Does 5 divide 6147?
False
Is 35 a factor of 7630?
True
Does 23 divide 1564?
True
Is 4114 a multiple of 17?
True
Is 96 a multiple of 24?
True
Is 48332 a multiple of 86?
True
Is 37 a factor of 7895?
False
Is 214 a multiple of 2?
True
Is 17 a factor of 7830?
False
Is 20 a factor of 734?
False
Is 276 a multiple of 12?
True
Is 5916 a multiple of 12?
True
Is 1074 a multiple of 6?
True
Is 90 a factor of 2015?
False
Is 29 a factor of 841?
True
Is 5029 a multiple of 9?
False
Does 4 divide 299?
False
Does 47 divide 20251?
False
Is 26468 a multiple of 52?
True
Is 21974 a multiple of 100?
False
Does 27 divide 4038?
False
Is 41 a factor of 46576?
True
Is 10 a factor of 3515?
False
Does 109 divide 20298?
False
Is 13 a factor of 3393?
True
Is 103 a factor of 2179?
False
Is 209 a factor of 34694?
True
Is 44174 a multiple of 32?
False
Is 104 a factor of 786?
False
Is 195 a multiple of 5?
True
Is 12 a multiple of 8?
False
Does 14 divide 826?
True
Does 25 divide 550?
True
Is 6266 a multiple of 13?
True
Is 21504 a multiple of 128?
True
Does 4 divide 183?
False
Is 626 a multiple of 12?
False
Is 448 a multiple of 32?
True
Is 16 a factor of 14251?
False
Is 165 a factor of 73706?
False
Is 28 a factor of 998?
False
Does 14 divide 994?
True
Is 3738 a multiple of 42?
True
Is 407 a multiple of 41?
False
Does 37 divide 614?
False
Does 8 divide 2511?
False
Is 38479 a multiple of 9?
False
Is 1526 a multiple of 19?
False
Is 201 a factor of 320?
False
Is 6969 a multiple of 69?
True
Is 16436 a multiple of 9?
False
Does 11 divide 2558?
False
Is 9137 a multiple of 134?
False
Is 19278 a multiple of 63?
True
Does 65 divide 15665?
True
Does 9 divide 1808?
False
Is 2717 a multiple of 2?
False
Does 104 divide 46280?
True
Is 23 a factor of 253?
True
Is 13 a factor of 2262?
True
Is 12 a factor of 575?
False
Is 9 a factor of 6658?
False
Is 13 a factor of 9230?
True
Is 22 a factor of 443?
False
Is 36988 a multiple of 95?
False
Does 11 divide 14260?
False
Does 71 divide 4851?
False
Does 29 divide 17545?
True
Does 14 divide 305?
False
Does 404 divide 52139?
False
Is 2212 a multiple of 4?
True
Is 7 a factor of 25545?
False
Does 218 divide 5232?
True
Is 138 a multiple of 14?
False
Does 28 divide 26880?
True
Does 99 divide 7821?
True
Does 111 divide 5415?
False
Is 40 a factor of 5280?
True
Does 4 divide 6802?
False
Does 106 divide 63407?
False
Is 23 a factor of 644?
True
Does 10 divide 2628?
False
Does 111 divide 20192?
False
Is 119 a factor of 1547?
True
Does 106 divide 20564?
True
Is 27 a factor of 1134?
True
Is 528 a multiple of 48?
True
Does 14 divide 238?
True
Is 5720 a multiple of 44?
True
Does 44 divide 924?
True
Does 3 divide 6822?
True
Is 729 a multiple of 10?
False
Is 27 a factor of 77139?
True
Does 25 divide 10487?
False
Is 113988 a multiple of 33?
False
Is 600 a multiple of 5?
True
Is 11940 a multiple of 20?
True
Is 1836 a multiple of 18?
True
Does 39 divide 4029?
False
Does 19 divide 21397?
False
Is 625 a multiple of 20?
False
Is 198 a factor of 3595?
False
Is 22000 a multiple of 88?
True
Is 5 a factor of 632?
False
Is 3680 a multiple of 16?
True
Is 362 a multiple of 73?
False
Is 417 a multiple of 23?
False
Does 8 divide 2168?
True
Is 10 a factor of 46205?
False
Does 355 divide 11737?
False
Is 14334 a multiple of 37?
False
Is 13220 a multiple of 20?
True
Is 46508 a multiple of 14?
True
Does 14 divide 3962?
True
Is 18 a factor of 992?
False
Is 20 a factor of 13827?
False
Is 4392 a multiple of 8?
True
Is 9141 a multiple of 23?
False
Is 2622 a multiple of 50?
False
Is 646 a multiple of 19?
True
Is 11 a multiple of 2?
False
Does 14 divide 672?
True
Does 17 divide 1089?
False
Is 62 a factor of 662?
False
Is 6 a factor of 2028?
True
Is 27 a factor of 405?
True
Is 63 a factor of 2037?
False
Is 73 a factor of 2555?
True
Is 497 a multiple of 12?
False
Is 21406 a multiple of 139?
True
Is 357 a multiple of 17?
True
Is 164326 a multiple of 189?
False
Is 143 a multiple of 11?
True
Does 35 divide 39?
False
Does 22 divide 734?
False
Is 17292 a multiple of 44?
True
Does 13 divide 2613?
True
Does 9 divide 848?
False
Is 361 a multiple of 19?
True
Is 48 a factor of 720?
True
Is 2 a factor of 187?
False
Is 66 a factor of 3300?
True
Is 119 a multiple of 4?
False
Is 8241 a multiple of 17?
False
Is 60 a factor of 1080?
True
Is 21 a factor of 6766?
False
Is 504 a multiple of 21?
True
Is 5 a factor of 935?
True
Is 8 a factor of 2257?
False
Is 79 a factor of 3476?
True
Is 1768 a multiple of 26?
True
Is 696 a multiple of 31?
False
Does 15 divide 1494?
False
Is 13403 a multiple of 60?
False
Is 472 a multiple of 52?
False
Is 4863 a multiple of 40?
False
Is 16 a factor of 5216?
True
Does 83 divide 3902?
False
Does 29 divide 649?
False
Is 7325 a multiple of 69?
False
Does 39 divide 7215?
True
Does 71 divide 1420?
True
Is 1472 a multiple of 16?
True
Is 22974 a multiple of 31?
False
Does 43 divide 430?
True
Is 23 a factor of 18622?
False
Does 82 divide 2554?
False
Is 5 a factor of 642?
False
Is 73 a multiple of 3?
False
Does 7 divide 42?
True
Is 11 a factor of 524?
False
Is 23 a factor of 230?
True
Is 2811 a multiple of 38?
False
Does 17 divide 1649?
True
Is 654 a multiple of 8?
False
Is 95 a factor of 13300?
True
Does 41 divide 619?
False
Is 26 a factor of 19754?
False
Is 3075 a multiple of 25?
True
Is 7868 a multiple of 7?
True
Is 15 a factor of 49?
False
Is 18 a factor of 16290?
True
Is 3 a factor of 8910?
True
Does 40 divide 20160?
True
Does 10 divide 8681?
False
Is 1272 a multiple of 6?
True
Is 300 a multiple of 6?
True
Is 12 a factor of 2314?
False
Is 2397 a multiple of 83?
False
Is 770 even?
True
Is 6344 a multiple of 104?
True
Is 16078 a multiple of 34?
False
Is 115 a factor of 38985?
True
Does 22 divide 4972?
True
Does 8 divide 3776?
True
Does 21 divide 305?
False
Is 4 a multiple of 4?
True
Is 17 a factor of 8789?
True
Does 60 divide 26340?
True
Is 47 a factor of 953?
False
Does 21 divide 59661?
True
Is 437 a multiple of 25?
False
Is 21 a factor of 525?
True
Is 13 a factor of 975?
True
Does 25 divide 26875?
True
Is 4 a factor of 979?
False
Is 520 a multiple of 64?
False
Is 8628 a multiple of 33?
False
Does 19 divide 1349?
True
Is 546 a multiple of 13?
True
Is 64 a factor of 709?
False
Is 2052 a multiple of 36?
True
Does 178 divide 12638?
True
Is 22172 a multiple of 11?
False
Does 34 divide 1885?
False
Does 13 divide 130?
True
Is 2901 a multiple of 51?
False
Is 113 a factor of 13334?
True
Does 53 divide 16380?
False
Does 80 divide 22800?
True
Is 31 a factor of 7482?
False
Is 37698 a multiple of 119?
False
Is 1170 a multiple of 6?
True
Is 588 a multiple of 12?
True
Does 19 divide 171?
True
Is 4571 a multiple of 20?
False
Does 38 divide 456?
True
Does 121 divide 8193?
False
Is 13 a factor of 106?
False
Is 19968 a multiple of 48?
True
Does 164 divide 1476?
True
Does 135 divide 7965?
True
Is 128 a factor of 4268?
False
Is 2458 a multiple of 76?
False
Is 12648 a multiple of 51?
True
Is 7050 a multiple of 141?
True
Is 88 a factor of 4207?
False
Does 75 divide 10399?
False
Is 3416 a multiple of 61?
True
Is 89 a factor of 32170?
False
Is 4572 a multiple of 12?
True
Is 42 a multiple of 14?
True
Does 5 divide 3